2*i + 117. What are the prime factors of i?
269
Let g(i) = 71*i**3 + 9*i**2 - 21*i - 6. List the prime factors of g(3).
3, 643
Let n = 192 + -186. List the prime factors of n.
2, 3
Let s(m) be the second derivative of m**4/12 + m**3 + 3*m**2/2 + 3*m. Let v be s(-6). List the prime factors of v - (-1 - -4) - -21.
3, 7
Let p = 807 - -682. List the prime factors of p.
1489
List the prime factors of 82*(-1 - (-18)/12)*4.
2, 41
Suppose 0*q + 84 = -4*q - 3*f, -5*f = -q + 2. Let n = q + 14. Let a(l) = -l**3 - l**2 + 6*l + 3. What are the prime factors of a(n)?
3
Let j(u) be the third derivative of -5/24*u**4 + 1/3*u**3 + 0*u + 0 + 2*u**2. List the prime factors of j(-5).
3
Let w(g) = g**2 + 5*g + 2. Let d be w(-4). Let j be 7 - (-8)/d - -93. Suppose 5*z = 2*q - j, z - 173 = -3*q - 46. What are the prime factors of q?
43
What are the prime factors of -20*(-115)/30*3?
2, 5, 23
Let p = 9 - -1169. List the prime factors of p.
2, 19, 31
Suppose 4*n - 13 = -1, 0 = 3*v + 2*n - 5601. What are the prime factors of v?
5, 373
Let h = 643 - 219. What are the prime factors of h?
2, 53
Let l(v) = -182*v + 18. List the prime factors of l(-3).
2, 3, 47
What are the prime factors of ((-2670)/3 + -2)/(1 - 2)?
2, 223
Suppose -284*c = -286*c + 1600. List the prime factors of c.
2, 5
Suppose 2*v - 97 - 633 = 0. What are the prime factors of v?
5, 73
Let z(b) = 11*b**2 + 8*b + 9. Let a be 2/(-10) + 266/(-70). What are the prime factors of z(a)?
3, 17
Suppose 13*d - 7970 - 2885 = 0. What are the prime factors of d?
5, 167
Let q be 161 - 2/(-4)*6. List the prime factors of q - (2/(-4) - (-5)/10).
2, 41
Suppose 0 = 5*p - 3*p + 4. Let z(j) = 17*j**2 + 2*j - 4. List the prime factors of z(p).
2, 3, 5
Let i = -1688 - -2929. List the prime factors of i.
17, 73
Let f(w) be the second derivative of 19*w**3/3 - 2*w**2 - w. List the prime factors of f(2).
2, 3
Let d be (189/(-6))/(3/(-6)). Suppose -4*t + d + 193 = 0. List the prime factors of t.
2
Suppose 5*f - 1919 = -4*q, 1943 = f + 4*f - 2*q. What are the prime factors of f?
3, 43
Let j(l) = 191*l**2 + 15*l + 41. What are the prime factors of j(-4)?
3037
Let j(i) = i**3 + 6*i**2 - 18*i. Let w be j(-8). Let k(d) = -d**3 + 16*d**2 + 5*d - 13. What are the prime factors of k(w)?
67
Let h(k) = k**3 - 15*k**2 + 2*k - 6. Let n be h(15). What are the prime factors of (-130)/(-7) - n/(-56)?
19
Suppose -11*o - 4807 + 21692 = 0. What are the prime factors of o?
5, 307
Let q = -11 - -17. Let k = q + 2. Let v(a) = -a + 14. List the prime factors of v(k).
2, 3
Let f = 342 - 52. Let d = f - 178. What are the prime factors of d?
2, 7
Let g(c) = 3*c**2 + 8*c + 11. Let h = -58 - -51. What are the prime factors of g(h)?
2, 3, 17
Suppose 0 = -2*c - 2*c. Suppose 3*g + 12 + 15 = c. List the prime factors of (-868)/(-63) - 2/g.
2, 7
Let h = 793 - 155. List the prime factors of h.
2, 11, 29
Suppose 858 + 12 = -3*k. What are the prime factors of (4/10)/((-2)/k)?
2, 29
Suppose -61908 + 11172 = -12*m. List the prime factors of m.
2, 7, 151
Suppose 9 = 6*m + 75. Let p(q) = -q**3 - 9*q**2 + 10*q - 26. What are the prime factors of p(m)?
2, 53
Suppose -40 = -8*h + 3*h. Suppose -24 = -2*i + h. Suppose i - 40 = -2*p + 3*l, -3*p = -2*l - 41. What are the prime factors of p?
3, 5
Let r(l) = 148*l + 25. What are the prime factors of r(3)?
7, 67
Suppose 0 = -4*s + 10*s - 24. Suppose -s*g + 143 = 7. What are the prime factors of g?
2, 17
Let k(r) = 782*r - 68. Let v(c) = -34*c + 3. Let f(z) = 3*k(z) + 68*v(z). What are the prime factors of f(1)?
2, 17
Suppose 0 = -3*n - 2 + 119. Let z = -60 + 60. Suppose q = -2*s + n, z*q - 4*s = -3*q + 67. What are the prime factors of q?
29
Suppose -3*d + 15 = 0, 0*d - 810 = -5*w + 2*d. Let r = w + -79. What are the prime factors of r?
5, 17
Suppose 0 = -31*b + 26*b + 1185. What are the prime factors of b?
3, 79
What are the prime factors of (17824/(-80))/(3/(-15))?
2, 557
Let k be (-4)/(-7) + 1/((-35)/(-30605)). Suppose p - 4*u = 3*p - 432, k = 4*p - 3*u. What are the prime factors of p?
2, 109
Let i be (-5668)/(-7) + 6/21. Let j = -574 + i. What are the prime factors of j?
2, 59
Let p(s) = -s**2 + s - 5. Let o be p(0). Let v(x) = 2*x - 5*x - 5*x**2 - x**3 + x + x**2 - 6. What are the prime factors of v(o)?
29
Let s = 2457 - -499. What are the prime factors of s?
2, 739
Suppose -5*l + 6 = d, 6*l - 4*d - 22 = 3*l. Suppose 0 = -l*k + 5*k. Let m(z) = z + 7. What are the prime factors of m(k)?
7
Suppose 3*j + 56592 = 15*j. List the prime factors of j.
2, 3, 131
Let y(r) be the third derivative of 7*r**4/12 - r**3/6 + 4*r**2. Let w be y(-1). Let m = w + 25. What are the prime factors of m?
2, 5
Let k(j) = j**3 - 11*j**2 - 16*j - 8. Let t be k(12). What are the prime factors of t/(-21) + (-6)/9?
2
Let d = 15 - 10. Suppose -s = -d*s + 8. List the prime factors of (-3 - -2*s)*33.
3, 11
Let j(x) = x**3 - 10*x**2 + 2. Let b be j(10). Let a(y) = 2 - 9*y + 4*y**b - 3*y**2 + 3*y - 3. What are the prime factors of a(7)?
2, 3
Let k be 5 + 0*1/2. Suppose -5*a = 3*u - 12, -5*u = k*a - 5 - 15. Suppose 2*j - 5*r - 12 - 21 = a, 5*j - 140 = r. What are the prime factors of j?
29
Suppose -m + 8*m - 70 = 0. Suppose 0 = -3*w + 17 + m. What are the prime factors of w?
3
Suppose 0 = -2*h + 40 - 30. Suppose -3*n + 3 = -3. Let r = h - n. What are the prime factors of r?
3
Let t = 76 + 17. Suppose 3*q - 48 - t = 0. What are the prime factors of q?
47
Suppose 5*w = 2*g + 25960, 5192 = w + 112*g - 110*g. What are the prime factors of w?
2, 11, 59
Let w = 1398 + -944. List the prime factors of w/(-3)*((-30)/12 - -1).
227
Suppose -35 = 22*j - 29*j. Suppose -j*v + 1161 = 376. List the prime factors of v.
157
Let j = -50 - -261. Suppose -8*v + 157 = -j. What are the prime factors of v?
2, 23
Suppose -30 = -3*u - 3*u. Suppose u*c = 3*k + 690, 5*k + 153 = c + 15. What are the prime factors of c?
2, 3, 23
Let t = 19 - 0. Let h = 41 + -52. Let k = h + t. What are the prime factors of k?
2
Let r(f) = 91*f**2 + 101*f - 400. List the prime factors of r(4).
2, 5, 73
Let z be 334/30 + (-24)/180. Let i = 4 - 0. Suppose i*j = z + 157. List the prime factors of j.
2, 3, 7
Suppose 3*b + i = 290, -5*b - i = i - 484. Suppose 0 = -7*n + 8*n - b. What are the prime factors of n?
2, 3
Let a be 84/49 - (-4)/14. List the prime factors of a/5 - (-242)/(-55) - -117.
113
Let d(k) = 18*k + 1. Let w be d(1). Suppose w = c - 35. What are the prime factors of c?
2, 3
Let i(a) = a - 10. Let t be i(-3). Let q(z) be the third derivative of z**5/60 + z**4/2 + 3*z**3 + 2*z**2. List the prime factors of q(t).
31
Suppose b = -2*b + i + 784, 2*i + 8 = 0. List the prime factors of b.
2, 5, 13
Let l be 1*(-420 - -5)/5. Let g = l + 207. What are the prime factors of g?
2, 31
Suppose 0 = i - 3*i + 6. Let k(w) = 4*w - i + w - w - 3. List the prime factors of k(6).
2, 3
Let p(x) = x**3 - 7*x**2 + 2*x. Let w be p(5). Let k be w/(-50) - (-72)/10. Suppose -g - 3*f = -32, -g + 0*f = -3*f - k. What are the prime factors of g?
2, 5
Let m be (-1 + -3)/(2/(-4)). Let u be (((-1260)/8)/15)/(4/40). What are the prime factors of u/14*m/(-3)?
2, 5
What are the prime factors of (-72)/12 - 468/(-2)?
2, 3, 19
Let b(v) = v**3 - 14*v**2 - 17*v + 38. List the prime factors of b(16).
2, 139
Let u = 2 - -2. Let f be 6*(u/3 + -2). What are the prime factors of (f/(-5))/(3/30)?
2
What are the prime factors of ((-22)/(-4)*-9)/(5/(-90))?
3, 11
Let y(v) = 16*v**2 - 56*v - 4. What are the prime factors of y(6)?
2, 59
Suppose -5727 = -5*m + 18163. What are the prime factors of m?
2, 2389
Suppose 183 = 5*b - k, b + 24 = 2*b + 4*k. Let n = -11 + b. What are the prime factors of n?
5
Suppose 2*q + 6 = -2*x + 6*q, 5*x = -5*q + 30. Let u be (x + -4 + -5)*-1. List the prime factors of 62/u*3 - -3.
2, 17
Suppose 9*g + 11*g = 880. Suppose -q + 2*y + 60 + g = 0, q - 99 = 3*y. What are the prime factors of q?
2, 3, 19
Let h(m) = -m. Let k(u) = 2*u. Let f(q) = 3*h(q) + k(q). Let i(t) = 2*t**2 - 20*t + 4. Let n(p) = -6*f(p) + i(p). List the prime factors of n(7).
2
Suppose -99630 = 69*t - 114*t. List the prime factors of t.
2, 3, 41
Suppose 6*g - 3*g - 2*l = 2175, -g - 5*l = -742. List the prime factors of g.
727
List the prime factors of (4 - 5)*-3*9.
3
Let n(k) = 74*k**2 - 36*k + 2. What are the prime factors of n(6)?
2, 5, 7
Suppose 4